 prime factors of x?
2, 41, 89
Let h(w) = w**2 + 25*w - 11. Let x(t) = -t**3 + 13*t**2 - 2*t + 26. Let u be x(13). Suppose u*d = 18*d + 522. List the prime factors of h(d).
3, 5, 7
Suppose 0 = -6*m - 323 + 341. Suppose -17*i = m*i - 13840. What are the prime factors of i?
2, 173
Suppose 5*k - 28641 = 2*g + 6967, 0 = -2*k + 4*g + 14224. What are the prime factors of k?
2, 13, 137
Let c(w) = -119*w + 18. Let g be c(-14). Let p = g + -898. What are the prime factors of p?
2, 3, 131
Let t = 8733 - 12703. What are the prime factors of (6 + -7)/(5/t)?
2, 397
Let z = -9 - -13. Let h be 17/(-18 - -1)*-59. Suppose f + z*u = h, 0 = -2*f - u + 13 + 84. What are the prime factors of f?
47
Suppose 120*m + 1681147 = 3243417 + 2257090. List the prime factors of m.
2, 73, 109
Let y = 8940 - 2815. List the prime factors of y.
5, 7
Let q be 17/(51/6012) - -8. Let g = q + -677. What are the prime factors of g?
3, 5, 89
Let v = -39531 - -105963. What are the prime factors of v?
2, 3, 173
Suppose -3*v + 3*q + 819 = 8*q, 2*q = 3*v - 798. Suppose -174 + 17 = -o. Let j = v - o. List the prime factors of j.
3, 37
Let i be 3166/(-8) - (1 + (-12)/16). Let w be -3 - (i/(-2) + 0). Let c = -104 - w. What are the prime factors of c?
97
Let q(j) = j**3 - 4*j**2 - j + 7. Let r be q(4). Suppose -1169 - 303 = -4*s - 4*a, s - r*a = 388. What are the prime factors of s?
373
Suppose 13*n - 24900 = 22251. Suppose 11*p = 20*p - n. List the prime factors of p.
13, 31
Let l = 3348 + -2219. List the prime factors of l.
1129
Let t(c) = -6*c**2 - 1509*c + 49. List the prime factors of t(-67).
2, 43, 863
Let o(d) = 19*d**2 + 329*d - 5134. List the prime factors of o(16).
2, 11, 227
Suppose 5*k - 17 = u + k, 0 = u + 4*k - 23. Suppose -3*y = -3*b + 2193, 3*b = -u*y - 2*y + 2177. What are the prime factors of b?
3
Let y(b) = -b**3 + 4. Let f be y(0). Suppose 16 = u - 5*u, -f*u - 10 = 3*w. Suppose -3*s - o = -0*o - 356, -3*s = w*o - 352. List the prime factors of s.
2, 3, 5
Let c be -2*1/4 + 933/6. Suppose -39 = 2*s + 5*f, 5*s + 0*f = -f - c. Let l = s + 135. What are the prime factors of l?
103
Let a be 1133/33*6/(-4)*2. Let q = a - -152. List the prime factors of q.
7
Let d(y) = -61848*y**3 - 41*y - 41. What are the prime factors of d(-1)?
2, 3, 859
Suppose -2*p + 20 = 3*p. Suppose 5*v = 5*c + 1010, -4*v + 3*c - 119 = -924. Suppose 3*a + 5*b + 48 = 662, a - v = p*b. What are the prime factors of a?
7, 29
Let c be 506/(38/6 - 7). Let i = 173 - c. List the prime factors of i.
2, 233
Suppose -4*r + 11 = -4*u - 5, -u - 5*r + 20 = 0. Suppose -5*l - 2*p - 2901 = -8*l, -2*p = u. List the prime factors of l.
967
Let x(v) = v**3 + v**2 + 62*v - 34. List the prime factors of x(20).
2, 3, 1601
Let n = -285 - -546. Suppose 2*c = -3*x + n, x + x = 4*c - 498. List the prime factors of c.
2, 3, 7
Let f = 182 + -180. Suppose q - 5*q + 2190 = f*s, -1656 = -3*q + 3*s. List the prime factors of q.
3, 61
Let u be 10/(-4)*152/190. Let t(r) = 59*r**2 + 5*r - 4. What are the prime factors of t(u)?
2, 3, 37
Suppose -f + 2109 + 768 = u, 0 = -u - 5*f + 2881. List the prime factors of u.
2, 719
Suppose 5477 = -2*w + 15469. Suppose 10*c - w = -1426. What are the prime factors of c?
3, 7, 17
Let j be 7*(2484/21)/6. Let r = j - 12. List the prime factors of (-5)/((-10)/r) - (0 - -1).
2, 31
Let r = 34538 - 22950. What are the prime factors of r?
2, 2897
Suppose -1481*f + 1489*f - 41152 = 0. What are the prime factors of f?
2, 643
Suppose -8*x = -912 - 2576. What are the prime factors of (x/6)/((-82)/(-123))?
109
Let s = 216 - 210. Suppose -h = -2*i - 202, 3*h = s*h - 2*i - 614. What are the prime factors of h?
2, 103
Suppose 6*m + 5*c = 10*m - 34, 0 = -5*m + 5*c + 40. Suppose 18*d - 10632 = -m*d. What are the prime factors of d?
443
Let n = 13715 + -7681. What are the prime factors of n?
2, 7, 431
Suppose z - 12216 = -10*y + 7*y, -3*y + 36678 = 3*z. What are the prime factors of z?
3, 151
List the prime factors of 85888/36 - (-36)/162.
2, 1193
List the prime factors of 40/(-28) + 54900/14 + -1.
3919
Let q(h) = h**3 + 20*h**2 + 106*h + 6. Let r be q(-10). List the prime factors of 15102/10 + r/45.
3, 503
Let z(q) = -100*q**3 + 12*q**2 + 19*q + 16. What are the prime factors of z(-3)?
2767
Suppose -20 = 4*t, 0 = -4*o + 20*t - 23*t + 6793. List the prime factors of o.
2, 23, 37
Let s(n) = n**3 + 6*n**2 - 6*n + 10. Let j be s(-7). Suppose 6*r - j*r - 3*o = 1656, r + o - 558 = 0. What are the prime factors of r?
3, 5, 37
Let b be 2*((0 - -3 - 1) + -1). Suppose 2*m = 6*m + 5*s + 80, -52 = 4*m - b*s. What are the prime factors of m/(3 + 396/(-128))?
2, 5
Suppose 7*b + 14*b - 23520 = 0. What are the prime factors of (9/6)/(3/b)?
2, 5, 7
Suppose -4*w + 243 = -w. Let j = w + 33. Let u = j + -26. What are the prime factors of u?
2, 11
Suppose 0 = -3*y + 2*q - 672, 0 = 2*y - 4*q + q + 453. Let a = y - -570. What are the prime factors of a?
2, 3, 29
Suppose -3*w + 4*w = 18*w - 61200. What are the prime factors of w?
2, 3, 5
Let f(o) = o**2 + 8*o + 2. Let a be f(-8). Let i(c) = -30*c**2 + 10*c + 1. Let s(p) = 30*p**2 - 8*p. Let m(q) = 2*i(q) + 3*s(q). List the prime factors of m(a).
2, 3, 19
Let r = -7178 - -14376. List the prime factors of r.
2, 59, 61
Let l(b) = 13*b**3 + 15*b**2 + 17*b + 31. Let h(n) = -24*n**3 - 29*n**2 - 33*n - 60. Let f(x) = -6*h(x) - 11*l(x). List the prime factors of f(-3).
2, 5
Suppose 4*d + 2097 = -2*f + 7*d, 2*f + 2077 = -d. Let t = f - -1470. What are the prime factors of t?
3, 11, 13
Let y = 685 + -680. Let u = 4 + 1. Suppose -y*m + 75 = b + 10, -4*b = u*m - 230. What are the prime factors of b?
5, 11
Suppose 3*w - 198 = -u, -w = -0*u - 5*u + 1070. Let j = 57 - 55. Suppose u + 27 = j*c. What are the prime factors of c?
2, 3, 5
Let o(s) = -10 - 5 - 16 + 8 - 14*s. Let t be o(-8). Suppose -l + 5*l = -y + t, 0 = -y + 4*l + 105. What are the prime factors of y?
97
Let g(c) = -c**3 + 13*c**2 - 10*c + 9. Let t be g(12). Suppose -t*y + 35*y = 0. Suppose y = -0*x + 3*x - 237. List the prime factors of x.
79
List the prime factors of (-159)/106*13892/(-6) + -9.
2, 433
Suppose 16012 = 4*k + 2*w, -2*k - 14*w + 11*w + 8014 = 0. What are the prime factors of k?
4001
Suppose -37 = 5*v + 98. Let r = 17 - v. Suppose 77 = t - r. What are the prime factors of t?
11
Let c(d) = -1130*d - 892. What are the prime factors of c(-43)?
2, 7, 3407
Suppose 2491131 = -85*s + 532*s. List the prime factors of s.
5573
Let w(z) = -2*z**3 - z**2 + 2*z + 2. Let l(y) = -10*y - 145. Let f be l(-14). List the prime factors of w(f).
7, 31
Let q(y) = y**3 - 9*y**2 - 8*y - 15. Let n = -25 - -35. Let o be q(n). Suppose -768 = -o*f - 3*f. List the prime factors of f.
2, 3
Let w = -279 + 283. Suppose -5*n - 643 = -h, -2*n + 1271 + 1279 = w*h. List the prime factors of h.
2, 11, 29
Let w = 67 - 63. Suppose -r + x - 4*x = -58, w*x + 16 = 0. Suppose -r = -3*c - 2*c. List the prime factors of c.
2, 7
Suppose -2*p + p - 2*l - 5 = 0, 3*p - 13 = l. Let y be p*(-4)/3 + 0. Let k(s) = -s**3 + 4*s**2 - 3*s. What are the prime factors of k(y)?
2, 5, 7
Let j = -197 - -201. Suppose -5*q = -q - 2*t - 1342, q - 353 = j*t. List the prime factors of q.
3, 37
Let a = 3 + 37. Suppose 9*v - v = a. Suppose v*d - 2*x - 108 - 255 = 0, 4*x = d - 69. What are the prime factors of d?
73
Let f be 1 + (-20)/(-4) + -2. Suppose f*j + 7 - 19 = 0. Suppose -b - j*c + 96 = -0*c, 4*b = -4*c + 376. What are the prime factors of b?
3, 31
Let x be (0 - 60/16)*128/(-4). Let o = x + -59. Suppose 0 = 60*b - o*b + 245. List the prime factors of b.
5, 7
Let y(d) = 23*d + 64. Let f be y(-3). Let o(l) = 12*l**2 + 5*l + 39. List the prime factors of o(f).
2, 157
What are the prime factors of 24/10*185430/126?
2, 883
Let h = -22 - -31. Suppose 0 = -h*x - 5*x - 896. Let q = 131 + x. List the prime factors of q.
67
Let l(r) = 2*r**2 - 9*r + 15. Let f be l(9). Suppose 0 = -9*h + 7*h + f. Suppose h = 3*g - 27. List the prime factors of g.
5
List the prime factors of (-42)/(-840) - (-244038)/40.
6101
Suppose k = -3*w + 4454, 2*w + 256*k - 254*k - 2976 = 0. List the prime factors of w.
1483
Suppose -3*c + 17445 = 4*p + 3881, -2*c + 9031 = 5*p. What are the prime factors of c?
2, 283
Let r be (-8 - -1) + (-2223 - -42). Let z = r + 3398. List the prime factors of z.
2, 5, 11
Suppose -p - 2*p + 2*a =